 divided by (-36)/1*c/2.
14
Calculate the remainder when 1/(1 - (-1010)/(-1015)) is divided by 68.
67
Suppose -5*w + 19 = 2*r + 3, 5*r - 2*w = 69. Suppose -57*b = -54*b - 63. Let j = r + b. What is the remainder when 65 is divided by j?
31
Let y = 14 + -15. Let a be (-5)/y + (-4)/(-2). Calculate the remainder when (-6)/9*(a - 16) is divided by 4.
2
Let s(q) = -2*q**2 + 2*q**2 - 4*q - q**2 + 2*q**2 - 30. Calculate the remainder when s(11) is divided by 17.
13
Suppose 0 = -7*u + 8 - 316. Let i = u - -100. Calculate the remainder when i is divided by 12.
8
Suppose 235*l - 244*l = -81. What is the remainder when 97 is divided by l?
7
Calculate the remainder when 191 is divided by 6 - 292/(-16) - 1/4.
23
Suppose 2*i - 5*d = 30, -3*i + 182*d + 59 = 178*d. Suppose 0 = 2*t - 2*s - 106, 4*s + 204 = 4*t + 2*s. Calculate the remainder when t is divided by i.
24
Suppose w + 2*w = 3*n - 102, 0 = 2*n + 8. Let o = -17 - w. What is the remainder when 61 is divided by o?
19
Suppose 234 = 15*j - 12*j. Calculate the remainder when 84 is divided by j.
6
Suppose 0 = 26*m - 46*m + 280. What is the remainder when 79 is divided by m?
9
Suppose 3*f - 4*u = -8*u + 89, 0 = 3*f + u - 101. What is the remainder when 244 is divided by f?
34
Let r(j) = -j**2 + 10*j + 15. Let u(w) = 4*w - 18. Let l be u(7). What is the remainder when 56 is divided by r(l)?
11
Suppose 0 = -6*i - 229 + 841. Calculate the remainder when i is divided by 34.
0
Suppose 7*h - 3*h - 32 = 0. Suppose -8*p + 6*p + h = 0. Calculate the remainder when 9 is divided by p.
1
Let l be 1264/(-14) + 6/21. Let a = -51 - l. What is the remainder when a is divided by -1 - -1 - -2 - -19?
18
Suppose -40*r + 43*r = j + 315, -4*r - 4*j + 452 = 0. Calculate the remainder when r is divided by (-12)/(-1)*(-3)/(-2).
17
What is the remainder when 141 is divided by (2 + 4)/1 + (-11 - -67)?
17
Suppose -4*b + 14 = -2*b. Suppose 4*o + 3*k - 208 = b*k, -12 = 3*k. What is the remainder when o is divided by 18?
12
Let y(j) = -j**3 - 24*j**2 + 178*j - 51. What is the remainder when 110 is divided by y(-30)?
2
Let v = -759 + 875. Calculate the remainder when v is divided by 17.
14
Suppose -20*t + 457 = -563. What is the remainder when 153 is divided by t?
0
Suppose 0 = 5*n + 2*b - 7*b - 1235, -745 = -3*n + 5*b. What is the remainder when n is divided by 26?
11
What is the remainder when 944/4 + 14 + -2 + 1 is divided by 84?
81
What is the remainder when 131 is divided by -1 + 52 + (-30)/(-30) - 5?
37
Suppose -f = 4*f - 35. Let h(o) = 3*o - 14. Let y(g) = 16*g - 73. Let v(q) = -11*h(q) + 2*y(q). Calculate the remainder when 2 is divided by v(f).
0
Suppose 5*a + 3 - 13 = 0. Suppose 4*c + 0*c - 116 = -3*m, 4*m - 68 = -a*c. Suppose -104 = -6*p - c. Calculate the remainder when p is divided by 4.
1
Suppose 10*a - 34*a + 9192 = 0. What is the remainder when a is divided by 48?
47
Let w(i) = -i - 3. Let f be w(-1). Let t(c) = -23*c + 3. What is the remainder when t(f) is divided by 17?
15
Calculate the remainder when ((-1120)/(-336))/(2/87) is divided by 84.
61
Suppose 5*m = 4*a - 112, a + 5*m = 2*a - 13. Suppose -t + 33 = 15. Suppose 10*z - 8*z - t = 0. Calculate the remainder when a is divided by z.
6
Suppose 10*d + 45 = 175. Suppose j = 2*j - 5. What is the remainder when d is divided by j?
3
Suppose 0 = -7*d + 997 - 500. Calculate the remainder when 77 is divided by d.
6
Calculate the remainder when 960 is divided by (1 - (-4)/(-16)) + 580/16.
35
Let i(f) = f**3 + 9*f**2 - 23. Let h be i(-8). Suppose -42*n + 6 = -h*n. What is the remainder when n is divided by 4?
2
Let u be (11/(-2))/((-1)/2). Let p = -8 + u. Let w = -134 + 143. Calculate the remainder when w is divided by p.
0
Let s(z) = 6*z**2 + 21*z - 3. Let g be s(-7). Let j = g - 35. Calculate the remainder when j is divided by 37.
35
Suppose -2*u + 78 = 2*v, -12*v = -8*v - 4*u - 116. Let o(j) = -j**2 - 9*j - 9. What is the remainder when v is divided by o(-6)?
7
Let g = 1580 - 1535. What is the remainder when 54 is divided by g?
9
Let c(a) = -16*a + 37. Let i = 8 + 18. What is the remainder when c(-4) is divided by i?
23
Let z(y) = 3*y + 26. Calculate the remainder when z(36) is divided by 0 - (3 + -4 + -16).
15
Let q(x) = 3*x - 1. Let j be q(1). Suppose -4*a + 40 = -j*w, 5*a + 4*w - 50 = -w. What is the remainder when ((-114)/(-30))/(2/10) is divided by a?
9
Let h(n) = -3*n**3 + n. Let d(f) = 5*f**3 - f**2 - f + 1. Let b(r) = 4*d(r) + 7*h(r). What is the remainder when 41 is divided by b(-5)?
13
Suppose 6*g - 3*g = 51. Let u = 20 - g. Let l = 9 + u. What is the remainder when l is divided by 8?
4
Let p = 73 + -18. Let r(y) = -y**3 + 7*y**2 + 19*y + 5. Suppose -3*d + 42 = 4*x, 0 = 4*x + 7*d - 2*d - 46. What is the remainder when p is divided by r(x)?
13
Let a = 38 + -38. Suppose o + 4*m = -10, a = -4*o + 5*m - m + 40. What is the remainder when 28 is divided by o?
4
Suppose -3*q + 3 = -4*q. What is the remainder when 35 is divided by 21 - ((-3)/(-1) - (q - -3))?
17
Let o = 35 + 4. Let d(i) = 2*i + 4. What is the remainder when o is divided by d(5)?
11
Suppose 0 = -2*d + 4*m + 214, 32*m = d + 27*m - 110. What is the remainder when d is divided by 18?
15
Let j = 84 + -38. Suppose 73 = -4*o - h, 3*o - o - 2*h = -24. Let m = o - -29. What is the remainder when j is divided by m?
10
Let s(j) = 5*j**2 - 29*j - 8. Calculate the remainder when 133 + (2 - -2) + -2 is divided by s(7).
33
Calculate the remainder when 1573/104 + 19 + 2/(-16) is divided by 0 + (12 - (0 + 0)).
10
Suppose 0 = 4*x - 328 - 108. Calculate the remainder when x is divided by 16.
13
Suppose -5*g - 4*k = -9*k - 45, -2*g = 2*k - 2. What is the remainder when 4 + g/(-5) + 3 is divided by 4?
2
Let r = 30 + -8. Calculate the remainder when 34 is divided by ((-6)/(-7))/(r/308).
10
Suppose 25 = -3*a + 31. Suppose 2*i = -a*i + 132. Suppose 47 = 3*g + 11. Calculate the remainder when i is divided by g.
9
Suppose -7*z + 3*z - 24 = 0. Suppose 0 = -10*y - 3744 + 884. Calculate the remainder when 4/(-6) + y/z is divided by 16.
15
Suppose 0 = -0*y + 2*y - 28. Suppose 3*x - 5*x = -50. What is the remainder when x is divided by y?
11
Suppose -2*x - 2*y + 318 = 0, -3*x + 8*y + 461 = 3*y. What is the remainder when x is divided by 32?
29
Suppose -615 = -2*n - 5*v, 5*v + 223 = n - 77. Suppose -19*q = -2452 + n. Calculate the remainder when q is divided by 23.
21
Suppose 35*w - 246 = 33*w. Suppose -w*s = -120*s - 66. Calculate the remainder when 86 is divided by s.
20
Let w(y) be the first derivative of -y**2/2 + 7*y + 4. What is the remainder when 44 is divided by w(-6)?
5
Let x = 242 - 220. What is the remainder when 153 is divided by x?
21
Let h(f) = 10*f**2 + 5*f + 4. Calculate the remainder when 66 is divided by h(-1).
3
Let z(l) = 5*l - 94. Calculate the remainder when 12 is divided by z(20).
0
Let n(u) = -6*u**3 + 3*u + 2. Let a = -18 - -34. Suppose 0 = -5*o + 2*i + 2, 2*o + a = 5*i. What is the remainder when n(-1) is divided by o?
1
Let q be ((-130)/15)/(2/(-6)). Let g = -18 + q. Let z = 23 - g. What is the remainder when 29 is divided by z?
14
Let b = -4 - -6. Suppose t - 8 = -4, 5*a = -2*t + 238. What is the remainder when a is divided by b/5 - 232/(-20)?
10
Suppose 0 = 3*g - 3*n - 96, g = 2*g + 2*n - 17. Let m = 16 + -24. Let y = m - -15. What is the remainder when g is divided by y?
6
Suppose 3*s + 0*s - 12 = 0. Suppose 3*u = s*u - 25. Calculate the remainder when u is divided by 7.
4
Let i(z) = -z**3 - 11*z**2 - 15*z - 8. Let n be i(-10). Let f be 21*n/((-2)/1). Calculate the remainder when (f/27)/((-1)/3) is divided by 13.
10
Let g = -15 + 30. What is the remainder when 130 is divided by g?
10
Suppose -5*d + 23 + 57 = 0. Let r(o) = o**2 + 5*o + 20. Calculate the remainder when r(-6) is divided by d.
10
Let d = -527 + 558. What is the remainder when 58 is divided by d?
27
Suppose -x = -5*w - 8 - 14, -4*w = 5*x - 81. Calculate the remainder when x is divided by 3.
2
Let h(w) = w**3 + 5*w**2 - 2*w. Let k be h(-5). Let t be ((-24)/k)/((-8)/20). Suppose 4*f + t = 138. What is the remainder when f is divided by 12?
9
Calculate the remainder when 10 is divided by 1560/273 - (-2)/7.
4
Suppose 0 = -231*m + 256*m - 1925. Let w = 27 + 12. Calculate the remainder when m is divided by w.
38
Suppose 10*a = 157 + 123. Let g = -62